se 4*i = -2*d + 8 + b, -4*i - 40 = -4*d. What is the highest common factor of 112 and d?
14
Suppose 0 = -0*c + 3*c - 45. Let h be 1 - (138/(-2) + -1). Suppose h = j + 11. Calculate the greatest common factor of j and c.
15
Let l be 0 + (-2)/(-2) + -3. Let p be (-85)/l*(-96)/(-30). Let d(q) = -5*q - 3. Let m be d(-4). What is the greatest common divisor of m and p?
17
Suppose -3*u = -0*u - x - 15, -x = 0. Suppose -g + u*g - 156 = 0. Calculate the greatest common divisor of g and 26.
13
Let g be 4 - 4 - (-1)/(-1). Let z be -1 + (g + -1 - -3). Suppose z*s - 20 = -4*s. Calculate the greatest common factor of 25 and s.
5
Let f(s) = -4*s**2 - 5*s - 2. Let v(k) = -4*k**2 - 4*k - 2. Let w(l) = 2*f(l) - 3*v(l). Let m be w(-2). What is the highest common divisor of m and 56?
14
Suppose 0*v + 3*q = 3*v - 15, v + 5*q = 5. Suppose -v*w = -14 - 31. Calculate the greatest common divisor of w and 9.
9
Let m be -2 + -1*3/(-3). Let g be (1 + m + 27)*-1. Let f = 39 + g. What is the greatest common factor of 24 and f?
12
Let d = -16 - -28. What is the greatest common divisor of 6 and d?
6
Let t(a) = 4*a**2 - 6*a + 2. Let i be t(5). Calculate the highest common divisor of i and 8.
8
Suppose -154 - 35 = -9*b. Calculate the greatest common divisor of b and 28.
7
Suppose 0 = 2*k - 13*k + 1309. What is the greatest common factor of 17 and k?
17
Let u = 118 + -82. Calculate the greatest common divisor of u and 396.
36
Let u = 14 - -4. Let f = -7 + 13. What is the highest common divisor of u and f?
6
Suppose -4*t + 5 + 11 = 0. Suppose 0 = 2*k - t*k + 20. Let y be 92/k - (-1)/(-5). Calculate the highest common factor of 72 and y.
9
Suppose 0*h + z = h - 8, 4*h = -z + 32. Let u(r) = 6*r**2 + 6*r + 8. Let n be u(-4). Calculate the highest common factor of h and n.
8
Let f = -56 + 132. Calculate the greatest common divisor of 38 and f.
38
Let u = -3 - -5. Let a be 5/(-4)*(-144)/u. Suppose 5*v + 24 - 69 = 0. What is the greatest common factor of v and a?
9
Suppose 33 + 31 = 4*l. Suppose -p - l = -3*p. Suppose 0 = 5*m - 3*m - p. Calculate the greatest common divisor of m and 32.
4
Suppose -15*s = -11*s - 8. What is the greatest common divisor of s and 14?
2
Let k be ((-76)/(-6))/(6/9). What is the greatest common factor of k and 133?
19
Let n(l) = l**2 + 2*l - 6. Let q be n(-6). Let c be (-3)/(6/(-4)) + 272/8. What is the highest common factor of q and c?
18
Suppose 2*l - 17 = -j + 33, -2*j = 3*l - 99. Let h be 2 + 3 + 2 + -1. What is the highest common factor of h and j?
6
Suppose 3*x - 3*n = 0, 2*x + 4*n - 10 = x. What is the highest common divisor of 10 and x?
2
Let h(y) be the first derivative of -y**3/3 - 9*y**2/2 + 11*y + 2. Let w be h(-8). Calculate the highest common factor of w and 38.
19
Let o = 14 - 4. Let j(x) = x**3 - 7*x**2 - 7*x + 12. Let w be j(8). What is the greatest common divisor of w and o?
10
Suppose y + 3 = 4*y. Let s be (-24)/(0 + 1/(-1)). Let r be 4/3 - (-136)/s. What is the highest common factor of r and y?
1
Let k(l) = -l**2 + 9*l + 2. Let j be k(9). Suppose -20 = j*t - 3*t. What is the greatest common factor of t and 8?
4
Let x = -54 - -57. Suppose 2*m = -0*m - 5*s + 24, 0 = 4*m - s - 48. Calculate the greatest common divisor of x and m.
3
Let f(j) = -j**3 + 8*j**2 + 2*j - 12. Let t be f(8). Suppose -3*v = v - t. What is the highest common divisor of 3 and v?
1
Suppose -32 = 10*w - 292. Suppose -4*s + 117 = -s. What is the greatest common divisor of w and s?
13
Let m(t) = 2*t**3 - 4*t**2 - 4. Let j be m(4). Suppose -v = v - 3*l - 36, v = -2*l + 11. Calculate the greatest common divisor of j and v.
15
Let w be 2 - (0 + 0)/(-3). Suppose 4*j + 3*c = 208, 3*j - 63 = 2*j + w*c. Calculate the highest common divisor of 11 and j.
11
Let n(h) = -h - 12. Let j be n(-17). Calculate the greatest common divisor of 15 and j.
5
Let y be 4/6 - 118/(-3). Suppose -3*s - 70 = 2*s. Let p = 22 + s. What is the highest common divisor of p and y?
8
Suppose -19*l + 0*l + 703 = 0. What is the greatest common factor of 222 and l?
37
Let c be 1/(8/(-2))*288/(-8). Calculate the greatest common divisor of c and 144.
9
Let r(d) be the third derivative of -d**5/60 + 5*d**4/12 + d**3 - 2*d**2. Let v be r(8). Calculate the greatest common divisor of v and 22.
22
Suppose 2*w = -4*d - 88 + 4, 5*w + 255 = 5*d. Let t = -22 - w. Let g = 221 + -156. Calculate the highest common divisor of t and g.
13
Let r = 7 + -2. Suppose 25 + 0 = r*l. Calculate the highest common factor of l and 50.
5
Let h(n) = -n**3 - 4*n**2 + 5*n + 8. Let k be h(-7). What is the highest common factor of k and 24?
24
Suppose 0*b + 43 = b - 2*a, 4*b - 4*a = 160. Suppose -45 = -j - 3*y + b, 5*j - 432 = -4*y. What is the greatest common divisor of j and 11?
11
Suppose 3*q - 13 = 20. Suppose 0 = p - 48 + 4. What is the highest common divisor of q and p?
11
Suppose 2*c - 12 = 2*w, -w - 4*w + 15 = 0. Suppose -3*f = n - 39, -c = -2*f + 6*n - n. Calculate the highest common divisor of 48 and f.
12
Suppose 0 = 9*z - 4*z - 20. Suppose -z*o + o = -24. Let s(k) = -k**3. Let b be s(-1). Calculate the greatest common factor of o and b.
1
Let f = 131 - -65. What is the highest common factor of f and 28?
28
Suppose -4*v + n = -60, -4*v - 4*n + 22 = -38. Let h = v - 5. What is the greatest common factor of h and 40?
10
Suppose 0 = 2*r - r - 2. Let y(l) = 3*l**2 + l + 2. Let n be y(2). Let s be (-1)/(-4) - (-28)/n. What is the greatest common factor of s and r?
2
Suppose 0 = 4*s + 5*x, 2*s - 4*x = -0*s. Suppose s = -4*d, -d + 100 = 4*q - 2*d. What is the highest common factor of 50 and q?
25
Let m(j) = -j**3 - 19*j**2 - 22*j - 36. Let i be m(-18). What is the greatest common divisor of 24 and i?
12
Let y = 3 + 1. Let a be y/(-4) - -12*1. Suppose 3*l + 36 = 3*k, -l - 27 = -2*k + 4*l. What is the highest common factor of k and a?
11
Let g = 6 + -5. Let o be 695/20 - g/(-4). Calculate the greatest common divisor of 14 and o.
7
Let j(l) = -l**3 + 5*l**2 + 5*l + 8. Let h be j(6). Suppose r + 184 = 4*r - 5*v, v - 127 = -h*r. Calculate the greatest common factor of 21 and r.
21
Let d(y) = -43*y - 1. Let l be d(-4). Suppose 2*z = 8 + 4. Let f be ((-4)/z)/((-6)/171). Calculate the greatest common factor of l and f.
19
Suppose -y - 4 = -2*y. Let g be (-1)/(-1)*y + 0. Suppose -l - 3*c + 25 = -6*c, -c = -g*l + 56. What is the greatest common divisor of l and 39?
13
Let v(q) = -68*q + 1. Let m be v(-1). What is the highest common divisor of m and 23?
23
Let h be 5*(9/5 + -1). Let g(b) = -b**2 + 10*b - 21. Let f be g(5). What is the greatest common factor of h and f?
4
Let y = 15 - 13. Suppose y*p - 16 = -2*p. What is the highest common factor of 20 and p?
4
Let u = 9 + 0. Let l be -10*(45/(-6))/(-3). Let i = l - -61. What is the highest common factor of u and i?
9
Let r = -13 + 8. Let u be (r/(-3))/(2/6). Suppose 0 = -u*i + 6 + 94. What is the greatest common divisor of i and 50?
10
Let x(d) be the first derivative of d**2 - 9*d + 2. Let g be x(8). Let y = 11 - g. Calculate the highest common factor of y and 20.
4
Suppose 3*b - 4*g = 20, -2*g - 3 = -b + 1. Suppose -2*f - b = -3*f. What is the greatest common factor of f and 96?
12
Let k be 3/((-7)/(-4) - 1). Let z be 3/k*(39 + 1). Calculate the greatest common divisor of z and 270.
30
Let j(t) = t**3 - 4*t**2. Let v be j(4). Suppose -3*i + 2*n + 28 = 5, v = 4*i - 2*n - 32. Calculate the greatest common factor of 36 and i.
9
Suppose 18 + 8 = 2*q + 4*m, 4*q - 5*m = 52. Suppose -s = -0*s + q. Let p be -5*(s - (-2)/1). Calculate the highest common factor of 11 and p.
11
Let a = 7 - 4. Suppose -v = -3, -a*r - 3*v = -25 - 11. What is the greatest common factor of r and 9?
9
Let y(v) = v**2 + 10*v - 10. Let x be y(-10). Let d(j) = -7*j. Let r be d(x). Calculate the highest common divisor of r and 10.
10
Let q(j) = j**3 - j**2 + 5*j + 4. Let u be q(0). Calculate the greatest common divisor of u and 16.
4
Suppose 3*i + 4 + 2 = 0. Let c be (3 - -1) + 1/(-1). Let u be i - (2 - 57/c). Calculate the highest common factor of 135 and u.
15
Let m = 67 + -43. Calculate the highest common factor of m and 4.
4
Suppose -3*c + 8 = c. Suppose -3*o + 3 = -c*o. Let u be ((-33)/(-5))/(1/5). What is the greatest common factor of u and o?
3
Let f be ((-3)/2)/(6/(-11 + -1)). Let g = -5 - -2. Let z = -2 - g. Calculate 